alculate h(79).
11
Let w(t) = -5*t**2 - 24*t + 18. Determine w(-8).
-110
Let h(s) = -10*s - 1698. Determine h(-169).
-8
Let n(q) = 70*q**2 + 4123*q - 409. What is n(-59)?
4
Let u(m) = 3*m**3 - 99*m**2 - 103*m + 36. What is u(34)?
2
Let c(z) = 15*z**2 + 235*z + 155. Determine c(-15).
5
Let r(m) = m**3 - 25*m**2 - 3*m + 7. Calculate r(25).
-68
Let w(k) = -264*k**2 - 1851*k + 4. Calculate w(-7).
25
Let l(b) = b**3 - 9*b**2 - 221*b + 2177. Calculate l(11).
-12
Let o(a) = 3*a**3 - 32*a**2 - 12*a - 5. Calculate o(11).
-16
Let u(q) = q**3 - 2*q**2 - 307*q + 273. Determine u(-17).
1
Let a(i) = 102*i + 1743. Calculate a(-16).
111
Let a(j) = -15*j**2 + 14*j + 6. Give a(3).
-87
Let f(n) = 40*n + 110. Calculate f(-6).
-130
Let b(l) = -l**3 - 54*l**2 - 20*l - 1085. Give b(-54).
-5
Let u(v) = 6*v**3 + 102*v**2 - 361*v - 23. What is u(-20)?
-3
Let j(z) = 19*z**2 + 834*z - 84. What is j(-44)?
4
Let k(b) = -1796*b - 21532. What is k(-12)?
20
Let i(x) = -403*x + 396. Calculate i(1).
-7
Let f(c) = 3*c**3 + 10*c**2 - 9*c - 9. Give f(-4).
-5
Let p(f) = -26*f**3 - 231*f**2 + 14*f + 3. Calculate p(-9).
120
Let q(b) = b**3 + 45*b**2 - 244*b + 252. What is q(-50)?
-48
Let o(m) = m**3 + 7*m**2 + 37*m + 104. What is o(-3)?
29
Let a(c) = c**3 + 39*c**2 + 9*c - 2. Determine a(0).
-2
Let m(t) = -2*t**3 - 50*t**2 + 8*t - 14. What is m(-25)?
-214
Let z(m) = 31*m + 449. Determine z(-18).
-109
Let k(r) = 32*r**2 + 40*r - 37. Calculate k(1).
35
Let f(w) = -65*w**2 + 316*w + 40. What is f(5)?
-5
Let s(t) = -105*t - 260. What is s(-4)?
160
Let x(m) = -m**3 - 58*m**2 - 216*m - 7. Determine x(-54).
-7
Let c(t) = t**3 - 51*t**2 + 53*t - 138. What is c(50)?
12
Let k(q) = -408*q - 781. Give k(-2).
35
Let l(t) = 71*t - 10084. What is l(142)?
-2
Let v(r) = -1091*r + 792. Give v(1).
-299
Let f(c) = 2675*c + 64206. Give f(-24).
6
Let x(n) = -5*n**2 + n + 25. Calculate x(-2).
3
Let j(l) = -8*l**2 - 39*l + 32. Determine j(-6).
-22
Let p(y) = 2*y**3 + 6*y**2 - 3*y - 16. Calculate p(-2).
-2
Let c(d) = d**2 - 53*d + 192. Determine c(31).
-490
Let a(o) = 24*o + 258. What is a(-10)?
18
Let p(k) = -3*k**3 + 14*k**2 - 5*k - 28. Calculate p(4).
-16
Let b(v) = -13*v**3 - 6184*v**2 + 1903*v - 470. Determine b(-476).
6
Let r(i) = -i**3 + 54*i**2 + 57*i - 184. Determine r(55).
-74
Let d(o) = 5*o**2 - 42*o + 25. Calculate d(11).
168
Let h(z) = z**3 + 2*z**2 - 62*z - 211. Determine h(-6).
17
Let m(b) = 14*b**2 - 701*b + 701. Determine m(1).
14
Let m(c) = -c**2 + 21*c + 137. Calculate m(26).
7
Let a(j) = -j**3 - 16*j**2 - 22*j + 7. What is a(-14)?
-77
Let u(i) = 13*i + 543. Determine u(-43).
-16
Let w(d) = d**3 - 52*d**2 + 114*d - 707. Give w(50).
-7
Let x(b) = 39*b**2 + 4*b + 16. Give x(4).
656
Let g(p) = p**3 - 31*p**2 + 16*p + 201. Give g(30).
-219
Let j(x) = 2*x**3 - 50*x**2 + 87*x - 17. Give j(23).
-132
Let t(a) = a**2 + 15*a + 51. Determine t(-11).
7
Let c(q) = q**3 - 78*q**2 + 119*q - 3314. Determine c(77).
-80
Let g(q) = 3*q**3 - 23*q**2 - q - 2. What is g(7)?
-107
Let y(v) = v**3 + 10*v**2 + 31*v + 30. Determine y(-4).
2
Let l(p) = 27*p - 422. What is l(17)?
37
Let k(u) = -u**2 + u + 17. What is k(6)?
-13
Let n(b) = 4*b**2 - 27*b + 11. What is n(5)?
-24
Let y(x) = 15*x - 199. What is y(12)?
-19
Let h(z) = 168*z - 513. Determine h(0).
-513
Let m(p) = 280*p**3 + 2*p - 1. Determine m(1).
281
Let i(p) = 2*p**2 + 13*p + 63. Determine i(-10).
133
Let g(o) = 163*o - 1625. What is g(10)?
5
Let x(k) = -13*k**2 + 153*k - 330. Calculate x(9).
-6
Let u(d) = 2*d**3 + 26*d**2 + 13*d - 41. Calculate u(-13).
-210
Let w(c) = c**3 + 9*c**2 + 34*c + 16. Determine w(-3).
-32
Let h(u) = -u**2 + 15618*u + 62483. Give h(-4).
-5
Let r(d) = -d**3 + 136*d**2 - 291*d + 3109. Calculate r(134).
27
Let m(f) = 748*f + 24673. What is m(-33)?
-11
Let r(z) = -20*z - 93. Give r(9).
-273
Let x(s) = 2*s**3 + 171*s**2 - 35*s + 4394. Give x(-86).
8
Let g(v) = v**2 + 215*v + 2079. What is g(-11)?
-165
Let d(w) = -7*w**2 - 194*w + 51. Determine d(-28).
-5
Let w(u) = -117*u**2 - 1054*u - 12. Give w(-9).
-3
Let x(w) = -28*w + 1530. Give x(56).
-38
Let k(v) = 3*v**3 - 41*v**2 - 24*v + 99. Give k(14).
-41
Let i(p) = 160*p + 546. Determine i(-2).
226
Let k(v) = 2*v**3 - 3*v**2 - 49*v + 102. Calculate k(2).
8
Let k(p) = 5*p**2 + 168*p + 498. What is k(-3)?
39
Let z(l) = 129*l + 1046. Calculate z(-8).
14
Let u(a) = 6*a**2 - 98*a - 69. Give u(17).
-1
Let s(o) = -4*o**2 + 94*o + 140. Determine s(25).
-10
Let k(s) = 24*s - 428. Calculate k(19).
28
Let h(y) = 945*y + 1898. Calculate h(-2).
8
Let f(w) = 2*w**3 - 17*w**2 + 17*w + 25. Calculate f(5).
-65
Let c(t) = 54*t**3 + t**2 - 3*t + 3. What is c(1)?
55
Let w(i) = -i**3 - 32*i**2 - 15*i + 290. Determine w(-31).
-206
Let v(r) = -35*r**2 + 342*r - 1388. Determine v(4).
-580
Let f(w) = -12*w + 68. What is f(-4)?
116
Let p(a) = 3*a**3 + 9*a**2 - 73*a - 233. Determine p(-3).
-14
Let p(i) = i**2 - 53*i + 157. Calculate p(50).
7
Let n(i) = i**2 + 130*i + 1281. Determine n(-119).
-28
Let o(c) = -48*c**2 + 10*c + 23. What is o(-2)?
-189
Let u(w) = -w**3 + 148*w**2 - 432*w - 434. Determine u(145).
1
Let x(f) = -f**3 - 15*f**2 + 363*f - 55. Calculate x(-28).
-27
Let t(r) = r**3 - 41*r**2 + 284*r + 53. Determine t(9).
17
Let n(d) = -39339*d + 354051. Give n(9).
0
Let c(v) = -71*v**3 - 2410*v**2 + 136*v - 3. Determine c(-34).
-3
Let t(f) = -f + 102. Give t(93).
9
Let a(k) = 9*k**2 - 748*k + 90. What is a(83)?
7
Let u(h) = 3*h**2 - 7*h - 12. What is u(2)?
-14
Let d(q) = -654*q**2 + 9814*q - 62. Calculate d(15).
-2
Let r(t) = -2*t**3 - 15*t**2 - 20*t - 73. Calculate r(-7).
18
Let y(c) = 4*c**3 - 7*c**2 + 52*c + 58. Give y(-1).
-5
Let w(s) = -8*s**3 - 73*s**2 - 8*s + 13. Calculate w(-9).
4
Let v(l) = -l**3 - 13*l**2 - l - 47. Give v(-5).
-242
Let j(z) = 14*z + 52. What is j(-14)?
-144
Let l(q) = q**3 + 15*q**2 + 39*q + 161. Calculate l(-11).
216
Let f(n) = 602*n - 13837. Determine f(23).
9
Let a(v) = v**3 - 7*v**2 + 23*v - 49. Give a(12).
947
Let d(x) = -144*x**2 + 9*x + 31. Determine d(-2).
-563
Let w(f) = -f**2 + 12*f + 64. Calculate w(-9).
-125
Let r(f) = -f**3 - 11*f**2 - 19*f - 37. Determine r(-4).
-73
Let v(n) = 5*n**2 + 74*n + 77. What is v(-13)?
-40
Let j(y) = y**3 - 5*y**2 - 88*y + 13. Give j(12).
-35
Let c(j) = -j**3 + 3*j**2 + 745*j + 178. Give c(29).
-83
Let i(x) = 668*x + 8021. Determine i(-12).
5
Let t(i) = -6*i**2 + 16. Calculate t(-5).
-134
Let t(n) = 2*n**2 + 57*n - 327. Determine t(6).
87
Let c(k) = -6*k**2 + 89*k + 173. Calculate c(-2).
-29
Let z(p) = -30*p**2 - 86*p + 13. Determine z(-6).
-551
Let u(d) = -d**2 - 6*d + 283. Determine u(-21).
-32
Let z(s) = 2*s**2 + 805*s + 7080. Determine z(-9).
-3
Let j(c) = c**3 - 17*c**2 + 13*c + 34. What is j(16)?
-14
Let h(j) = -8*j**3 - 29*j**2 - 36*j - 5. Give h(-4).
187
Let t(r) = r**2 + 23*r - 417. Calculate t(-35).
3
Let j(z) = -169*z + 1018. Calculate j(6).
4
Let a(k) = 22*k + 165. Give a(5).
275
Let r(h) = -h**3 - 46*h**2 + 20*h + 824. Determine r(-46).
-96
Let r(u) = 13090*u - 7. Calculate r(0).
-7
Let j(y) = -y**3 + 19*y**2 + 55*y + 236. Determine j(22).
-6
Let k(c) = 34*c - 146. Give k(19).
500
Let v(f) = 35*f - 90. What is v(6)?
120
Let v(z) = -3*z**3 + 32*z**2 - 49*z - 38. Give v(7).
158
Let c(k) = -k**3 + 12*k**2 + 13*k - 3. Give c(14).
-213
Let y(s) = 111*s + 2244. Determine y(-20).
24
Let g(d) = 109*d - 8510. Determine g(78).
-8
Let x(n) = 71*n - 3240. Calculate x(45).
-45
Let j(i) = -i**3 + 8*i**2 - 13*i - 44. Give j(8).
-148
Let y(x) = -x**3 - 42*x**2 + 40*x - 174. What is y(-43)?
-45
Let j(c) = -7*c**2 + 478*c + 2413. Calculate j(-5).
-152
Let i(z) = 12*z + 291. Determine i(-15).
111
Let t(w) = -423*w + 8383. What is t(20)?
-77
Let r(c) = c**2 + 25*c + 141. Give r(-20).
41
Let b(r) = -18*r - 1662. What is b(-93)?
12
Let v(k) = 51*k + 238. Determine v(-5).
-17
Let z(a) = -68*a - 4954. Determine z(-74).
78
Let s(z) = -z**3 + 37*z**2 - 34*z - 126. Calculate s(36).
-54
Let v(m) = -5*m**3 - 37*m**2 - 19*m - 36. What is v(-7)?
-1
Let u(w) = -3*w**3 + 2*w**2 - 20*w + 131. What is u(4)?
-109
Let o(h) = 524*h + 2651. What is o(-5)?
31
Let f(b) = -744*b**2 - 23*b + 23. What is f(1)?
-744
Let c(h) = 2*h**2 + 45*h - 44. What is c(-21)?
-107
Let x(u) = -91*u - 1648. What is x(-19)?
81
Let x(u) = 3*u**2 - 639*u + 16462. Give x(30).
-8
Let x(m) = 